[INFO] cloning repository https://github.com/Pauan/SaltyBetBot
[INFO] running `Command { std: "git" "-c" "credential.helper=" "-c" "credential.helper=/workspace/cargo-home/bin/git-credential-null" "clone" "--bare" "https://github.com/Pauan/SaltyBetBot" "/workspace/cache/git-repos/https%3A%2F%2Fgithub.com%2FPauan%2FSaltyBetBot", kill_on_drop: false }`
[INFO] [stderr] Cloning into bare repository '/workspace/cache/git-repos/https%3A%2F%2Fgithub.com%2FPauan%2FSaltyBetBot'...
[INFO] running `Command { std: "git" "rev-parse" "HEAD", kill_on_drop: false }`
[INFO] [stdout] e5497080fa377dbe4ea8c875845d2d5c88a05de1
[INFO] checking Pauan/SaltyBetBot against try#72f88fc4e9458f89516a0b8b0868f3718aec5b47 for pr-74989
[INFO] running `Command { std: "git" "clone" "/workspace/cache/git-repos/https%3A%2F%2Fgithub.com%2FPauan%2FSaltyBetBot" "/workspace/builds/worker-3/source", kill_on_drop: false }`
[INFO] [stderr] Cloning into '/workspace/builds/worker-3/source'...
[INFO] [stderr] done.
[INFO] [stderr] Checking out files:  85% (66/77)   
Checking out files:  87% (67/77)   
Checking out files:  88% (68/77)   
Checking out files:  89% (69/77)   
Checking out files:  90% (70/77)   
Checking out files:  92% (71/77)   
Checking out files:  93% (72/77)   
Checking out files:  94% (73/77)   
Checking out files:  96% (74/77)   
Checking out files:  97% (75/77)   
Checking out files:  98% (76/77)   
Checking out files: 100% (77/77)   
Checking out files: 100% (77/77), done.
[INFO] validating manifest of git repo https://github.com/Pauan/SaltyBetBot on toolchain 72f88fc4e9458f89516a0b8b0868f3718aec5b47
[INFO] running `Command { std: "/workspace/cargo-home/bin/cargo" "+72f88fc4e9458f89516a0b8b0868f3718aec5b47" "read-manifest" "--manifest-path" "Cargo.toml", kill_on_drop: false }`
[INFO] started tweaking git repo https://github.com/Pauan/SaltyBetBot
[INFO] removed workspace from git repo https://github.com/Pauan/SaltyBetBot
[INFO] removed path dependency algorithm from git repo https://github.com/Pauan/SaltyBetBot
[INFO] finished tweaking git repo https://github.com/Pauan/SaltyBetBot
[INFO] tweaked toml for git repo https://github.com/Pauan/SaltyBetBot written to /workspace/builds/worker-3/source/Cargo.toml
[INFO] crate git repo https://github.com/Pauan/SaltyBetBot already has a lockfile, it will not be regenerated
[INFO] running `Command { std: "/workspace/cargo-home/bin/cargo" "+72f88fc4e9458f89516a0b8b0868f3718aec5b47" "fetch" "--locked" "--manifest-path" "Cargo.toml", kill_on_drop: false }`
[INFO] [stderr] warning: dependency (algorithm) specified without providing a local path, Git repository, or version to use. This will be considered an error in future versions
[INFO] [stderr]     Updating crates.io index
[INFO] [stderr] error: the lock file /workspace/builds/worker-3/source/Cargo.lock needs to be updated but --locked was passed to prevent this
[INFO] [stderr] If you want to try to generate the lock file without accessing the network, use the --offline flag.
[INFO] the lockfile is outdated, regenerating it
[INFO] running `Command { std: "/workspace/cargo-home/bin/cargo" "+72f88fc4e9458f89516a0b8b0868f3718aec5b47" "generate-lockfile" "--manifest-path" "Cargo.toml" "-Zno-index-update", kill_on_drop: false }`
[INFO] running `Command { std: "/workspace/cargo-home/bin/cargo" "+72f88fc4e9458f89516a0b8b0868f3718aec5b47" "fetch" "--locked" "--manifest-path" "Cargo.toml", kill_on_drop: false }`
[INFO] [stderr] warning: dependency (algorithm) specified without providing a local path, Git repository, or version to use. This will be considered an error in future versions
[INFO] [stderr]  Downloading crates ...
[INFO] [stderr]   Downloaded algorithm v0.0.0
[INFO] [stderr]   Downloaded dominator v0.5.12
[INFO] running `Command { std: "docker" "create" "-v" "/var/lib/crater-agent-workspace/builds/worker-3/target:/opt/rustwide/target:rw,Z" "-v" "/var/lib/crater-agent-workspace/builds/worker-3/source:/opt/rustwide/workdir:ro,Z" "-v" "/var/lib/crater-agent-workspace/cargo-home:/opt/rustwide/cargo-home:ro,Z" "-v" "/var/lib/crater-agent-workspace/rustup-home:/opt/rustwide/rustup-home:ro,Z" "-e" "SOURCE_DIR=/opt/rustwide/workdir" "-e" "CARGO_TARGET_DIR=/opt/rustwide/target" "-e" "CARGO_HOME=/opt/rustwide/cargo-home" "-e" "RUSTUP_HOME=/opt/rustwide/rustup-home" "-w" "/opt/rustwide/workdir" "-m" "1610612736" "--user" "0:0" "--network" "none" "rustops/crates-build-env@sha256:d92eaeed33fa75130ca1ee6c8a01d1ffb62bac859dfdfb3450e3e5d1c0146529" "/opt/rustwide/cargo-home/bin/cargo" "+72f88fc4e9458f89516a0b8b0868f3718aec5b47" "metadata" "--no-deps" "--format-version=1", kill_on_drop: false }`
[INFO] [stdout] 1caa6945acb8b48f51cfbea2597305e814a3657d8c683ec436174d227a0a4a39
[INFO] [stderr] WARNING: Your kernel does not support swap limit capabilities or the cgroup is not mounted. Memory limited without swap.
[INFO] running `Command { std: "docker" "start" "-a" "1caa6945acb8b48f51cfbea2597305e814a3657d8c683ec436174d227a0a4a39", kill_on_drop: false }`
[INFO] running `Command { std: "docker" "inspect" "1caa6945acb8b48f51cfbea2597305e814a3657d8c683ec436174d227a0a4a39", kill_on_drop: false }`
[INFO] running `Command { std: "docker" "rm" "-f" "1caa6945acb8b48f51cfbea2597305e814a3657d8c683ec436174d227a0a4a39", kill_on_drop: false }`
[INFO] [stdout] 1caa6945acb8b48f51cfbea2597305e814a3657d8c683ec436174d227a0a4a39
[INFO] running `Command { std: "docker" "create" "-v" "/var/lib/crater-agent-workspace/builds/worker-3/target:/opt/rustwide/target:rw,Z" "-v" "/var/lib/crater-agent-workspace/builds/worker-3/source:/opt/rustwide/workdir:ro,Z" "-v" "/var/lib/crater-agent-workspace/cargo-home:/opt/rustwide/cargo-home:ro,Z" "-v" "/var/lib/crater-agent-workspace/rustup-home:/opt/rustwide/rustup-home:ro,Z" "-e" "SOURCE_DIR=/opt/rustwide/workdir" "-e" "CARGO_TARGET_DIR=/opt/rustwide/target" "-e" "CARGO_INCREMENTAL=0" "-e" "RUST_BACKTRACE=full" "-e" "RUSTFLAGS=--cap-lints=forbid" "-e" "CARGO_HOME=/opt/rustwide/cargo-home" "-e" "RUSTUP_HOME=/opt/rustwide/rustup-home" "-w" "/opt/rustwide/workdir" "-m" "1610612736" "--user" "0:0" "--network" "none" "rustops/crates-build-env@sha256:d92eaeed33fa75130ca1ee6c8a01d1ffb62bac859dfdfb3450e3e5d1c0146529" "/opt/rustwide/cargo-home/bin/cargo" "+72f88fc4e9458f89516a0b8b0868f3718aec5b47" "check" "--frozen" "--all" "--all-targets" "--message-format=json", kill_on_drop: false }`
[INFO] [stdout] 8efcb3df30319582999929ea1164140f717eefe146745b11874d38db07696d33
[INFO] [stderr] WARNING: Your kernel does not support swap limit capabilities or the cgroup is not mounted. Memory limited without swap.
[INFO] running `Command { std: "docker" "start" "-a" "8efcb3df30319582999929ea1164140f717eefe146745b11874d38db07696d33", kill_on_drop: false }`
[INFO] [stderr] warning: dependency (algorithm) specified without providing a local path, Git repository, or version to use. This will be considered an error in future versions
[INFO] [stderr]    Compiling proc-macro2 v1.0.21
[INFO] [stderr]    Compiling unicode-xid v0.2.1
[INFO] [stderr]    Compiling syn v1.0.40
[INFO] [stderr]    Compiling wasm-bindgen-shared v0.2.68
[INFO] [stderr]    Compiling cfg-if v0.1.10
[INFO] [stderr]    Compiling bumpalo v3.4.0
[INFO] [stderr]    Compiling wasm-bindgen v0.2.68
[INFO] [stderr]    Compiling pin-project-internal v0.4.23
[INFO] [stderr]    Compiling serde v1.0.116
[INFO] [stderr]     Checking futures-core v0.3.5
[INFO] [stderr]     Checking pin-utils v0.1.0
[INFO] [stderr]    Compiling ryu v1.0.5
[INFO] [stderr]     Checking slab v0.4.2
[INFO] [stderr]     Checking discard v1.0.4
[INFO] [stderr]    Compiling serde_json v1.0.57
[INFO] [stderr]    Compiling serde_derive v1.0.116
[INFO] [stderr]     Checking lazy_static v1.4.0
[INFO] [stderr]     Checking itoa v0.4.6
[INFO] [stderr]     Checking algorithm v0.0.0
[INFO] [stderr]     Checking futures-channel v0.3.5
[INFO] [stderr]    Compiling log v0.4.11
[INFO] [stderr]    Compiling quote v1.0.7
[INFO] [stderr]    Compiling wasm-bindgen-backend v0.2.68
[INFO] [stderr]    Compiling wasm-bindgen-macro-support v0.2.68
[INFO] [stderr]    Compiling futures-macro v0.3.5
[INFO] [stderr]    Compiling wasm-bindgen-macro v0.2.68
[INFO] [stderr]     Checking pin-project v0.4.23
[INFO] [stderr]     Checking futures-util v0.3.5
[INFO] [stderr]     Checking js-sys v0.3.45
[INFO] [stderr]     Checking futures-signals v0.3.15
[INFO] [stderr]     Checking web-sys v0.3.45
[INFO] [stderr]     Checking wasm-bindgen-futures v0.4.18
[INFO] [stderr]     Checking gloo-timers v0.2.1
[INFO] [stderr]     Checking dominator v0.5.12
[INFO] [stderr]     Checking salty_bet_bot v0.1.0 (/opt/rustwide/workdir)
[INFO] [stdout] error[E0432]: unresolved import `algorithm::record`
[INFO] [stdout]  --> src/api.rs:3:16
[INFO] [stdout]   |
[INFO] [stdout] 3 | use algorithm::record::{Tier, Mode, Winner, Record};
[INFO] [stdout]   |                ^^^^^^ could not find `record` in `algorithm`
[INFO] [stdout] 
[INFO] [stdout] 
[INFO] [stdout] error[E0432]: unresolved import `algorithm::record`
[INFO] [stdout]  --> src/api.rs:3:16
[INFO] [stdout]   |
[INFO] [stdout] 3 | use algorithm::record::{Tier, Mode, Winner, Record};
[INFO] [stdout]   |                ^^^^^^ could not find `record` in `algorithm`
[INFO] [stdout] 
[INFO] [stdout] 
[INFO] [stdout] error[E0609]: no field `date` on type `&_`
[INFO] [stdout]    --> src/api.rs:114:54
[INFO] [stdout]     |
[INFO] [stdout] 114 |     let index = find_first_index(&old_records, |x| x.date.partial_cmp(&start_date).unwrap());
[INFO] [stdout]     |                                                      ^^^^
[INFO] [stdout] 
[INFO] [stdout] 
[INFO] [stdout] error: aborting due to 2 previous errors
[INFO] [stdout] 
[INFO] [stdout] 
[INFO] [stdout] error[E0609]: no field `date` on type `&_`
[INFO] [stdout]    --> src/api.rs:114:54
[INFO] [stdout]     |
[INFO] [stdout] 114 |     let index = find_first_index(&old_records, |x| x.date.partial_cmp(&start_date).unwrap());
[INFO] [stdout]     |                                                      ^^^^
[INFO] [stdout] 
[INFO] [stdout] 
[INFO] [stdout] Some errors have detailed explanations: E0432, E0609.
[INFO] [stdout] 
[INFO] [stdout] For more information about an error, try `rustc --explain E0432`.
[INFO] [stdout] 
[INFO] [stderr] error: could not compile `salty_bet_bot`.
[INFO] [stderr] 
[INFO] [stderr] To learn more, run the command again with --verbose.
[INFO] [stderr] warning: build failed, waiting for other jobs to finish...
[INFO] [stdout] error: aborting due to 2 previous errors
[INFO] [stdout] 
[INFO] [stdout] 
[INFO] [stdout] Some errors have detailed explanations: E0432, E0609.
[INFO] [stdout] 
[INFO] [stdout] For more information about an error, try `rustc --explain E0432`.
[INFO] [stdout] 
[INFO] [stderr] error: build failed
[INFO] running `Command { std: "docker" "inspect" "8efcb3df30319582999929ea1164140f717eefe146745b11874d38db07696d33", kill_on_drop: false }`
[INFO] running `Command { std: "docker" "rm" "-f" "8efcb3df30319582999929ea1164140f717eefe146745b11874d38db07696d33", kill_on_drop: false }`
[INFO] [stdout] 8efcb3df30319582999929ea1164140f717eefe146745b11874d38db07696d33
